[INFO] cloning repository https://github.com/Dragoncraft89/dsahelper
[INFO] running `Command { std: "git" "-c" "credential.helper=" "-c" "credential.helper=/workspace/cargo-home/bin/git-credential-null" "clone" "--bare" "https://github.com/Dragoncraft89/dsahelper" "/workspace/cache/git-repos/https%3A%2F%2Fgithub.com%2FDragoncraft89%2Fdsahelper", kill_on_drop: false }`
[INFO] [stderr] Cloning into bare repository '/workspace/cache/git-repos/https%3A%2F%2Fgithub.com%2FDragoncraft89%2Fdsahelper'...
[INFO] running `Command { std: "git" "rev-parse" "HEAD", kill_on_drop: false }`
[INFO] [stdout] 6253499f470fd9231590c43926d173567d1215af
[INFO] checking Dragoncraft89/dsahelper against master#af3c6e733a40e671550e0f0f5aeecaa13772ba56 for pr-74989
[INFO] running `Command { std: "git" "clone" "/workspace/cache/git-repos/https%3A%2F%2Fgithub.com%2FDragoncraft89%2Fdsahelper" "/workspace/builds/worker-8/source", kill_on_drop: false }`
[INFO] [stderr] Cloning into '/workspace/builds/worker-8/source'...
[INFO] [stderr] done.
[INFO] validating manifest of git repo https://github.com/Dragoncraft89/dsahelper on toolchain af3c6e733a40e671550e0f0f5aeecaa13772ba56
[INFO] running `Command { std: "/workspace/cargo-home/bin/cargo" "+af3c6e733a40e671550e0f0f5aeecaa13772ba56" "read-manifest" "--manifest-path" "Cargo.toml", kill_on_drop: false }`
[INFO] started tweaking git repo https://github.com/Dragoncraft89/dsahelper
[INFO] finished tweaking git repo https://github.com/Dragoncraft89/dsahelper
[INFO] tweaked toml for git repo https://github.com/Dragoncraft89/dsahelper written to /workspace/builds/worker-8/source/Cargo.toml
[INFO] crate git repo https://github.com/Dragoncraft89/dsahelper already has a lockfile, it will not be regenerated
[INFO] running `Command { std: "/workspace/cargo-home/bin/cargo" "+af3c6e733a40e671550e0f0f5aeecaa13772ba56" "fetch" "--locked" "--manifest-path" "Cargo.toml", kill_on_drop: false }`
[INFO] running `Command { std: "docker" "create" "-v" "/var/lib/crater-agent-workspace/builds/worker-8/target:/opt/rustwide/target:rw,Z" "-v" "/var/lib/crater-agent-workspace/builds/worker-8/source:/opt/rustwide/workdir:ro,Z" "-v" "/var/lib/crater-agent-workspace/cargo-home:/opt/rustwide/cargo-home:ro,Z" "-v" "/var/lib/crater-agent-workspace/rustup-home:/opt/rustwide/rustup-home:ro,Z" "-e" "SOURCE_DIR=/opt/rustwide/workdir" "-e" "CARGO_TARGET_DIR=/opt/rustwide/target" "-e" "CARGO_HOME=/opt/rustwide/cargo-home" "-e" "RUSTUP_HOME=/opt/rustwide/rustup-home" "-w" "/opt/rustwide/workdir" "-m" "1610612736" "--user" "0:0" "--network" "none" "rustops/crates-build-env@sha256:d92eaeed33fa75130ca1ee6c8a01d1ffb62bac859dfdfb3450e3e5d1c0146529" "/opt/rustwide/cargo-home/bin/cargo" "+af3c6e733a40e671550e0f0f5aeecaa13772ba56" "metadata" "--no-deps" "--format-version=1", kill_on_drop: false }`
[INFO] [stderr] WARNING: Your kernel does not support swap limit capabilities or the cgroup is not mounted. Memory limited without swap.
[INFO] [stdout] 853d22c4eb7f93fe8ec4e6d391c81abbdc22433950885b7d87953f2285539d3b
[INFO] running `Command { std: "docker" "start" "-a" "853d22c4eb7f93fe8ec4e6d391c81abbdc22433950885b7d87953f2285539d3b", kill_on_drop: false }`
[INFO] running `Command { std: "docker" "inspect" "853d22c4eb7f93fe8ec4e6d391c81abbdc22433950885b7d87953f2285539d3b", kill_on_drop: false }`
[INFO] running `Command { std: "docker" "rm" "-f" "853d22c4eb7f93fe8ec4e6d391c81abbdc22433950885b7d87953f2285539d3b", kill_on_drop: false }`
[INFO] [stdout] 853d22c4eb7f93fe8ec4e6d391c81abbdc22433950885b7d87953f2285539d3b
[INFO] running `Command { std: "docker" "create" "-v" "/var/lib/crater-agent-workspace/builds/worker-8/target:/opt/rustwide/target:rw,Z" "-v" "/var/lib/crater-agent-workspace/builds/worker-8/source:/opt/rustwide/workdir:ro,Z" "-v" "/var/lib/crater-agent-workspace/cargo-home:/opt/rustwide/cargo-home:ro,Z" "-v" "/var/lib/crater-agent-workspace/rustup-home:/opt/rustwide/rustup-home:ro,Z" "-e" "SOURCE_DIR=/opt/rustwide/workdir" "-e" "CARGO_TARGET_DIR=/opt/rustwide/target" "-e" "CARGO_INCREMENTAL=0" "-e" "RUST_BACKTRACE=full" "-e" "RUSTFLAGS=--cap-lints=forbid" "-e" "CARGO_HOME=/opt/rustwide/cargo-home" "-e" "RUSTUP_HOME=/opt/rustwide/rustup-home" "-w" "/opt/rustwide/workdir" "-m" "1610612736" "--user" "0:0" "--network" "none" "rustops/crates-build-env@sha256:d92eaeed33fa75130ca1ee6c8a01d1ffb62bac859dfdfb3450e3e5d1c0146529" "/opt/rustwide/cargo-home/bin/cargo" "+af3c6e733a40e671550e0f0f5aeecaa13772ba56" "check" "--frozen" "--all" "--all-targets" "--message-format=json", kill_on_drop: false }`
[INFO] [stdout] 4dbe4540e82a29b03b458467ae63e9fe5efb8aae8cda658e74f17afd712de881
[INFO] [stderr] WARNING: Your kernel does not support swap limit capabilities or the cgroup is not mounted. Memory limited without swap.
[INFO] running `Command { std: "docker" "start" "-a" "4dbe4540e82a29b03b458467ae63e9fe5efb8aae8cda658e74f17afd712de881", kill_on_drop: false }`
[INFO] [stderr]    Compiling libc v0.2.51
[INFO] [stderr]    Compiling cc v1.0.35
[INFO] [stderr]    Compiling unicode-xid v0.0.4
[INFO] [stderr]    Compiling quote v0.3.15
[INFO] [stderr]    Compiling byteorder v1.3.1
[INFO] [stderr]    Compiling backtrace v0.2.3
[INFO] [stderr]    Compiling rustc-demangle v0.1.14
[INFO] [stderr]    Compiling cfg-if v0.1.7
[INFO] [stderr]    Compiling dtoa v0.4.3
[INFO] [stderr]    Compiling regex-syntax v0.3.9
[INFO] [stderr]    Compiling rustc-serialize v0.3.24
[INFO] [stderr]    Compiling utf8-ranges v0.1.3
[INFO] [stderr]    Compiling lazy_static v0.2.11
[INFO] [stderr]     Checking cpp_utils v0.2.1
[INFO] [stderr]     Checking lazy_static v1.3.0
[INFO] [stderr]    Compiling dbghelp-sys v0.2.0
[INFO] [stderr]    Compiling term-painter v0.2.4
[INFO] [stderr]    Compiling synom v0.11.3
[INFO] [stderr]    Compiling num-traits v0.2.6
[INFO] [stderr]    Compiling syn v0.11.11
[INFO] [stderr]    Compiling backtrace-sys v0.1.28
[INFO] [stderr]    Compiling dsa_helper v0.0.0 (/opt/rustwide/workdir)
[INFO] [stderr]    Compiling thread-id v2.0.0
[INFO] [stderr]    Compiling memchr v0.1.11
[INFO] [stderr]    Compiling num_cpus v1.10.0
[INFO] [stderr]    Compiling num-traits v0.1.43
[INFO] [stderr]    Compiling thread_local v0.2.7
[INFO] [stderr]    Compiling aho-corasick v0.5.3
[INFO] [stderr]    Compiling serde_json v0.9.10
[INFO] [stderr]    Compiling bincode v0.7.0
[INFO] [stderr]    Compiling regex v0.1.80
[INFO] [stderr]    Compiling serde_codegen_internals v0.14.2
[INFO] [stderr]    Compiling error-chain v0.5.0
[INFO] [stderr]    Compiling toml v0.2.1
[INFO] [stderr]    Compiling serde_derive v0.9.15
[INFO] [stderr]    Compiling cpp_to_rust_common v0.2.3
[INFO] [stderr]    Compiling cpp_to_rust_build_tools v0.2.3
[INFO] [stderr]    Compiling qt_generator_common v0.2.3
[INFO] [stderr]    Compiling qt_build_tools v0.2.4
[INFO] [stderr]    Compiling qt_core v0.2.3
[INFO] [stderr]    Compiling qt_gui v0.2.3
[INFO] [stderr]    Compiling qt_widgets v0.2.3
[INFO] [stderr]    Compiling qt_ui_tools v0.2.3
[INFO] [stderr] The following warnings were emitted during compilation:
[INFO] [stderr] 
[INFO] [stderr] warning: This crate was generated for Qt 5.8.0, but Qt 5.12.8 is currently in use.
[INFO] [stderr] 
[INFO] [stderr] error: failed to run custom build command for `qt_ui_tools v0.2.3`
[INFO] [stderr] 
[INFO] [stderr] Caused by:
[INFO] [stderr]   process didn't exit successfully: `/opt/rustwide/target/debug/build/qt_ui_tools-9d6a8451874d02b3/build-script-build` (exit code: 101)
[INFO] [stderr]   --- stdout
[INFO] [stderr]   cargo:warning=This crate was generated for Qt 5.8.0, but Qt 5.12.8 is currently in use.
[INFO] [stderr]   -- The C compiler identification is GNU 9.3.0
[INFO] [stderr]   -- The CXX compiler identification is GNU 9.3.0
[INFO] [stderr]   -- Check for working C compiler: /usr/bin/cc
[INFO] [stderr]   -- Check for working C compiler: /usr/bin/cc -- works
[INFO] [stderr]   -- Detecting C compiler ABI info
[INFO] [stderr]   -- Detecting C compiler ABI info - done
[INFO] [stderr]   -- Detecting C compile features
[INFO] [stderr]   -- Detecting C compile features - done
[INFO] [stderr]   -- Check for working CXX compiler: /usr/bin/c++
[INFO] [stderr]   -- Check for working CXX compiler: /usr/bin/c++ -- works
[INFO] [stderr]   -- Detecting CXX compiler ABI info
[INFO] [stderr]   -- Detecting CXX compiler ABI info - done
[INFO] [stderr]   -- Detecting CXX compile features
[INFO] [stderr]   -- Detecting CXX compile features - done
[INFO] [stderr]   -- Configuring done
[INFO] [stderr]   -- Generating done
[INFO] [stderr]   -- Build files have been written to: /opt/rustwide/target/debug/build/qt_ui_tools-eee77aa698e823ef/out/c_lib_build
[INFO] [stderr]   Scanning dependencies of target type_sizes
[INFO] [stderr]   Scanning dependencies of target qt_ui_tools_c
[INFO] [stderr]   [ 25%] Building CXX object CMakeFiles/type_sizes.dir/type_sizes.cpp.o
[INFO] [stderr]   [ 50%] Building CXX object CMakeFiles/qt_ui_tools_c.dir/src/qt_ui_tools_c_QUiLoader.cpp.o
[INFO] [stderr] 
[INFO] [stderr]   --- stderr
[INFO] [stderr]   Executing command: "qmake" "-query" "QT_VERSION"
[INFO] [stderr]   QT_VERSION = "5.12.8"
[INFO] [stderr]   Detecting Qt directories
[INFO] [stderr]   Executing command: "qmake" "-query" "QT_INSTALL_HEADERS"
[INFO] [stderr]   QT_INSTALL_HEADERS = "/usr/include/x86_64-linux-gnu/qt5"
[INFO] [stderr]   Executing command: "qmake" "-query" "QT_INSTALL_LIBS"
[INFO] [stderr]   QT_INSTALL_LIBS = "/usr/lib/x86_64-linux-gnu"
[INFO] [stderr]   Executing command: "qmake" "-query" "QT_INSTALL_DOCS"
[INFO] [stderr]   QT_INSTALL_DOCS = "/usr/share/qt5/doc"
[INFO] [stderr]   Executing command: "qmake" "-query" "QT_VERSION"
[INFO] [stderr]   QT_VERSION = "5.12.8"
[INFO] [stderr]   Detecting Qt directories
[INFO] [stderr]   Executing command: "qmake" "-query" "QT_INSTALL_HEADERS"
[INFO] [stderr]   QT_INSTALL_HEADERS = "/usr/include/x86_64-linux-gnu/qt5"
[INFO] [stderr]   Executing command: "qmake" "-query" "QT_INSTALL_LIBS"
[INFO] [stderr]   QT_INSTALL_LIBS = "/usr/lib/x86_64-linux-gnu"
[INFO] [stderr]   Executing command: "qmake" "-query" "QT_INSTALL_DOCS"
[INFO] [stderr]   QT_INSTALL_DOCS = "/usr/share/qt5/doc"
[INFO] [stderr]   Executing command: "qmake" "-query" "QT_VERSION"
[INFO] [stderr]   QT_VERSION = "5.12.8"
[INFO] [stderr]   Detecting Qt directories
[INFO] [stderr]   Executing command: "qmake" "-query" "QT_INSTALL_HEADERS"
[INFO] [stderr]   QT_INSTALL_HEADERS = "/usr/include/x86_64-linux-gnu/qt5"
[INFO] [stderr]   Executing command: "qmake" "-query" "QT_INSTALL_LIBS"
[INFO] [stderr]   QT_INSTALL_LIBS = "/usr/lib/x86_64-linux-gnu"
[INFO] [stderr]   Executing command: "qmake" "-query" "QT_INSTALL_DOCS"
[INFO] [stderr]   QT_INSTALL_DOCS = "/usr/share/qt5/doc"
[INFO] [stderr]   Executing command: "qmake" "-query" "QT_VERSION"
[INFO] [stderr]   QT_VERSION = "5.12.8"
[INFO] [stderr]   Detecting Qt directories
[INFO] [stderr]   Executing command: "qmake" "-query" "QT_INSTALL_HEADERS"
[INFO] [stderr]   QT_INSTALL_HEADERS = "/usr/include/x86_64-linux-gnu/qt5"
[INFO] [stderr]   Executing command: "qmake" "-query" "QT_INSTALL_LIBS"
[INFO] [stderr]   QT_INSTALL_LIBS = "/usr/lib/x86_64-linux-gnu"
[INFO] [stderr]   Executing command: "qmake" "-query" "QT_INSTALL_DOCS"
[INFO] [stderr]   QT_INSTALL_DOCS = "/usr/share/qt5/doc"
[INFO] [stderr]   Building C++ wrapper library
[INFO] [stderr]   Executing command: "cmake" "/opt/rustwide/cargo-home/registry/src/github.com-1ecc6299db9ec823/qt_ui_tools-0.2.3/c_lib" "-DC2R_LIBRARY_TYPE=STATIC" "-DC2R_INCLUDE_PATHS=/usr/include/x86_64-linux-gnu/qt5;/usr/include/x86_64-linux-gnu/qt5/QtUiTools;/usr/include/x86_64-linux-gnu/qt5;/usr/include/x86_64-linux-gnu/qt5/QtCore;/usr/include/x86_64-linux-gnu/qt5;/usr/include/x86_64-linux-gnu/qt5/QtGui;/usr/include/x86_64-linux-gnu/qt5;/usr/include/x86_64-linux-gnu/qt5/QtWidgets" "-DC2R_LIB_PATHS=/usr/lib/x86_64-linux-gnu;/usr/lib/x86_64-linux-gnu;/usr/lib/x86_64-linux-gnu;/usr/lib/x86_64-linux-gnu" "-DC2R_FRAMEWORK_PATHS=" "-DC2R_LINKED_LIBS=Qt5UiTools;Qt5Core;Qt5Gui;Qt5Widgets" "-DC2R_LINKED_FRAMEWORKS=" "-DC2R_COMPILER_FLAGS=-std=gnu++11 -fPIC" "-DCMAKE_BUILD_TYPE=Debug" "-DCMAKE_INSTALL_PREFIX=/opt/rustwide/target/debug/build/qt_ui_tools-eee77aa698e823ef/out/c_lib_install"
[INFO] [stderr]   CMake Warning:
[INFO] [stderr]     Manually-specified variables were not used by the project:
[INFO] [stderr] 
[INFO] [stderr]       C2R_FRAMEWORK_PATHS
[INFO] [stderr] 
[INFO] [stderr] 
[INFO] [stderr]   Executing command: "make" "-j14" "install"
[INFO] [stderr]   In file included from /usr/include/x86_64-linux-gnu/qt5/QtCore/qabstractitemmodel.h:43,
[INFO] [stderr]                    from /usr/include/x86_64-linux-gnu/qt5/QtCore/QtCore:10,
[INFO] [stderr]                    from /usr/include/x86_64-linux-gnu/qt5/QtUiTools/QtUiToolsDepends:3,
[INFO] [stderr]                    from /usr/include/x86_64-linux-gnu/qt5/QtUiTools/QtUiTools:3,
[INFO] [stderr]                    from /opt/rustwide/cargo-home/registry/src/github.com-1ecc6299db9ec823/qt_ui_tools-0.2.3/c_lib/type_sizes.cpp:1:
[INFO] [stderr]   /usr/include/x86_64-linux-gnu/qt5/QtCore/qvariant.h: In constructor 'QVariant::QVariant(QVariant&&)':
[INFO] [stderr]   /usr/include/x86_64-linux-gnu/qt5/QtCore/qvariant.h:275:25: warning: implicitly-declared 'QVariant::Private& QVariant::Private::operator=(const QVariant::Private&)' is deprecated [-Wdeprecated-copy]
[INFO] [stderr]     275 |     { other.d = Private(); }
[INFO] [stderr]         |                         ^
[INFO] [stderr]   /usr/include/x86_64-linux-gnu/qt5/QtCore/qvariant.h:401:16: note: because 'QVariant::Private' has user-provided 'QVariant::Private::Private(const QVariant::Private&)'
[INFO] [stderr]     401 |         inline Private(const Private &other) Q_DECL_NOTHROW
[INFO] [stderr]         |                ^~~~~~~
[INFO] [stderr]   c++: fatal error: Killed signal terminated program cc1plus
[INFO] [stderr]   compilation terminated.
[INFO] [stderr]   make[2]: *** [CMakeFiles/type_sizes.dir/build.make:63: CMakeFiles/type_sizes.dir/type_sizes.cpp.o] Error 1
[INFO] [stderr]   make[1]: *** [CMakeFiles/Makefile2:78: CMakeFiles/type_sizes.dir/all] Error 2
[INFO] [stderr]   make[1]: *** Waiting for unfinished jobs....
[INFO] [stderr]   In file included from /usr/include/x86_64-linux-gnu/qt5/QtCore/qabstractitemmodel.h:43,
[INFO] [stderr]                    from /usr/include/x86_64-linux-gnu/qt5/QtCore/QtCore:10,
[INFO] [stderr]                    from /usr/include/x86_64-linux-gnu/qt5/QtUiTools/QtUiToolsDepends:3,
[INFO] [stderr]                    from /usr/include/x86_64-linux-gnu/qt5/QtUiTools/QtUiTools:3,
[INFO] [stderr]                    from /opt/rustwide/cargo-home/registry/src/github.com-1ecc6299db9ec823/qt_ui_tools-0.2.3/c_lib/include/qt_ui_tools_c_global.h:14,
[INFO] [stderr]                    from /opt/rustwide/cargo-home/registry/src/github.com-1ecc6299db9ec823/qt_ui_tools-0.2.3/c_lib/include/qt_ui_tools_c_QUiLoader.h:4,
[INFO] [stderr]                    from /opt/rustwide/cargo-home/registry/src/github.com-1ecc6299db9ec823/qt_ui_tools-0.2.3/c_lib/src/qt_ui_tools_c_QUiLoader.cpp:1:
[INFO] [stderr]   /usr/include/x86_64-linux-gnu/qt5/QtCore/qvariant.h: In constructor 'QVariant::QVariant(QVariant&&)':
[INFO] [stderr]   /usr/include/x86_64-linux-gnu/qt5/QtCore/qvariant.h:275:25: warning: implicitly-declared 'QVariant::Private& QVariant::Private::operator=(const QVariant::Private&)' is deprecated [-Wdeprecated-copy]
[INFO] [stderr]     275 |     { other.d = Private(); }
[INFO] [stderr]         |                         ^
[INFO] [stderr]   /usr/include/x86_64-linux-gnu/qt5/QtCore/qvariant.h:401:16: note: because 'QVariant::Private' has user-provided 'QVariant::Private::Private(const QVariant::Private&)'
[INFO] [stderr]     401 |         inline Private(const Private &other) Q_DECL_NOTHROW
[INFO] [stderr]         |                ^~~~~~~
[INFO] [stderr]   c++: fatal error: Killed signal terminated program cc1plus
[INFO] [stderr]   compilation terminated.
[INFO] [stderr]   make[2]: *** [CMakeFiles/qt_ui_tools_c.dir/build.make:63: CMakeFiles/qt_ui_tools_c.dir/src/qt_ui_tools_c_QUiLoader.cpp.o] Error 1
[INFO] [stderr]   make[1]: *** [CMakeFiles/Makefile2:105: CMakeFiles/qt_ui_tools_c.dir/all] Error 2
[INFO] [stderr]   make: *** [Makefile:130: all] Error 2
[INFO] [stderr]   stack backtrace:
[INFO] [stderr]      0:     0x55b5474d0793 - backtrace::backtrace::libunwind::trace::h805702fe17ffd825
[INFO] [stderr]                           at /opt/rustwide/cargo-home/registry/src/github.com-1ecc6299db9ec823/backtrace-0.2.3/src/backtrace/libunwind.rs:54
[INFO] [stderr]                            - backtrace::backtrace::trace::h2ff831a28fa38369
[INFO] [stderr]                           at /opt/rustwide/cargo-home/registry/src/github.com-1ecc6299db9ec823/backtrace-0.2.3/src/backtrace/mod.rs:70
[INFO] [stderr]      1:     0x55b5474cda03 - backtrace::capture::Backtrace::new::hd646bfb956ce660d
[INFO] [stderr]                           at /opt/rustwide/target/debug/build/backtrace-e4bc9ec2ea622a89/out/capture.rs:79
[INFO] [stderr]      2:     0x55b5474cc4ff - error_chain::make_backtrace::h0ab6569c0b2f3074
[INFO] [stderr]                           at /opt/rustwide/cargo-home/registry/src/github.com-1ecc6299db9ec823/error-chain-0.5.0/src/lib.rs:684
[INFO] [stderr]      3:     0x55b547482132 - <cpp_to_rust_common::errors::Error as core::convert::From<alloc::string::String>>::from::hd1cca6f7af02f253
[INFO] [stderr]                           at /opt/rustwide/cargo-home/registry/src/github.com-1ecc6299db9ec823/error-chain-0.5.0/src/lib.rs:428
[INFO] [stderr]      4:     0x55b54747f590 - <T as core::convert::Into<U>>::into::h059e096d22c8aa72
[INFO] [stderr]                           at /rustc/af3c6e733a40e671550e0f0f5aeecaa13772ba56/library/core/src/convert/mod.rs:545
[INFO] [stderr]      5:     0x55b5474867c7 - cpp_to_rust_common::utils::run_command::h75be9cc209327236
[INFO] [stderr]                           at /opt/rustwide/cargo-home/registry/src/github.com-1ecc6299db9ec823/cpp_to_rust_common-0.2.3/src/utils.rs:53
[INFO] [stderr]      6:     0x55b547494177 - cpp_to_rust_common::cpp_lib_builder::CppLibBuilder::run::hb74a57c3aab05fa1
[INFO] [stderr]                           at /opt/rustwide/cargo-home/registry/src/github.com-1ecc6299db9ec823/cpp_to_rust_common-0.2.3/src/cpp_lib_builder.rs:162
[INFO] [stderr]      7:     0x55b547409309 - cpp_to_rust_build_tools::Config::run_and_return::haed18769cd86120d
[INFO] [stderr]                           at /opt/rustwide/cargo-home/registry/src/github.com-1ecc6299db9ec823/cpp_to_rust_build_tools-0.2.3/src/lib.rs:126
[INFO] [stderr]      8:     0x55b5473fc1b1 - qt_build_tools::run_and_return::h443c8c57252f92cb
[INFO] [stderr]                           at /opt/rustwide/cargo-home/registry/src/github.com-1ecc6299db9ec823/qt_build_tools-0.2.4/src/lib.rs:66
[INFO] [stderr]      9:     0x55b5473fc489 - qt_build_tools::run::h035a7c4ef0666011
[INFO] [stderr]                           at /opt/rustwide/cargo-home/registry/src/github.com-1ecc6299db9ec823/qt_build_tools-0.2.4/src/lib.rs:71
[INFO] [stderr]     10:     0x55b5473fb315 - build_script_build::main::h776a8401bc9b7b05
[INFO] [stderr]                           at /opt/rustwide/cargo-home/registry/src/github.com-1ecc6299db9ec823/qt_ui_tools-0.2.3/build.rs:4
[INFO] [stderr]     11:     0x55b5473fb37a - core::ops::function::FnOnce::call_once::h59a09ca03b85ca3f
[INFO] [stderr]                           at /rustc/af3c6e733a40e671550e0f0f5aeecaa13772ba56/library/core/src/ops/function.rs:227
[INFO] [stderr]     12:     0x55b5473fb41d - std::sys_common::backtrace::__rust_begin_short_backtrace::h437092e649e6d29c
[INFO] [stderr]                           at /rustc/af3c6e733a40e671550e0f0f5aeecaa13772ba56/library/std/src/sys_common/backtrace.rs:137
[INFO] [stderr]     13:     0x55b5473fb2e0 - std::rt::lang_start::{{closure}}::h65900dc69f7e05ac
[INFO] [stderr]                           at /rustc/af3c6e733a40e671550e0f0f5aeecaa13772ba56/library/std/src/rt.rs:66
[INFO] [stderr]     14:     0x55b54751a3b0 - core::ops::function::impls::<impl core::ops::function::FnOnce<A> for &F>::call_once::hecc21eb9018cc197
[INFO] [stderr]                           at /rustc/af3c6e733a40e671550e0f0f5aeecaa13772ba56/library/core/src/ops/function.rs:259
[INFO] [stderr]                            - std::panicking::try::do_call::h174ad655d084b5c7
[INFO] [stderr]                           at library/std/src/panicking.rs:381
[INFO] [stderr]                            - std::panicking::try::h479e6054ce28de10
[INFO] [stderr]                           at library/std/src/panicking.rs:345
[INFO] [stderr]                            - std::panic::catch_unwind::hb558ddea2b3e9c45
[INFO] [stderr]                           at library/std/src/panic.rs:382
[INFO] [stderr]                            - std::rt::lang_start_internal::h163149047f0a8b61
[INFO] [stderr]                           at library/std/src/rt.rs:51
[INFO] [stderr]     15:     0x55b5473fb2b6 - std::rt::lang_start::ha4e6b94efcfea263
[INFO] [stderr]                           at /rustc/af3c6e733a40e671550e0f0f5aeecaa13772ba56/library/std/src/rt.rs:65
[INFO] [stderr]     16:     0x55b5473fb349 - main
[INFO] [stderr]     17:     0x7f4b599490b2 - __libc_start_main
[INFO] [stderr]     18:     0x55b5473fb19d - _start
[INFO] [stderr]     19:                0x0 - <unknown>
[INFO] [stderr] 
[INFO] [stderr]   Best of stack backtrace:
[INFO] [stderr]      0: <T as core::convert::Into<U>>::into::h059e096d22c8aa72
[INFO] [stderr]         at /rustc/af3c6e733a40e671550e0f0f5aeecaa13772ba56/library/core/src/convert/mod.rs:545
[INFO] [stderr] 
[INFO] [stderr]      1: cpp_to_rust_common::utils::run_command::h75be9cc209327236
[INFO] [stderr]         at /opt/rustwide/cargo-home/registry/src/github.com-1ecc6299db9ec823/cpp_to_rust_common-0.2.3/src/utils.rs:53
[INFO] [stderr] 
[INFO] [stderr]      2: cpp_to_rust_common::cpp_lib_builder::CppLibBuilder::run::hb74a57c3aab05fa1
[INFO] [stderr]         at /opt/rustwide/cargo-home/registry/src/github.com-1ecc6299db9ec823/cpp_to_rust_common-0.2.3/src/cpp_lib_builder.rs:162
[INFO] [stderr] 
[INFO] [stderr]      3: cpp_to_rust_build_tools::Config::run_and_return::haed18769cd86120d
[INFO] [stderr]         at /opt/rustwide/cargo-home/registry/src/github.com-1ecc6299db9ec823/cpp_to_rust_build_tools-0.2.3/src/lib.rs:126
[INFO] [stderr] 
[INFO] [stderr]      4: qt_build_tools::run_and_return::h443c8c57252f92cb
[INFO] [stderr]         at /opt/rustwide/cargo-home/registry/src/github.com-1ecc6299db9ec823/qt_build_tools-0.2.4/src/lib.rs:66
[INFO] [stderr] 
[INFO] [stderr]      5: qt_build_tools::run::h035a7c4ef0666011
[INFO] [stderr]         at /opt/rustwide/cargo-home/registry/src/github.com-1ecc6299db9ec823/qt_build_tools-0.2.4/src/lib.rs:71
[INFO] [stderr] 
[INFO] [stderr]      6: build_script_build::main::h776a8401bc9b7b05
[INFO] [stderr]         at /opt/rustwide/cargo-home/registry/src/github.com-1ecc6299db9ec823/qt_ui_tools-0.2.3/build.rs:4
[INFO] [stderr] 
[INFO] [stderr]      7: core::ops::function::FnOnce::call_once::h59a09ca03b85ca3f
[INFO] [stderr]         at /rustc/af3c6e733a40e671550e0f0f5aeecaa13772ba56/library/core/src/ops/function.rs:227
[INFO] [stderr] 
[INFO] [stderr]      8: std::rt::lang_start::{{closure}}::h65900dc69f7e05ac
[INFO] [stderr]         at /rustc/af3c6e733a40e671550e0f0f5aeecaa13772ba56/library/std/src/rt.rs:66
[INFO] [stderr] 
[INFO] [stderr]      9: core::ops::function::impls::<impl core::ops::function::FnOnce<A> for &F>::call_once::hecc21eb9018cc197
[INFO] [stderr]         at /rustc/af3c6e733a40e671550e0f0f5aeecaa13772ba56/library/core/src/ops/function.rs:259
[INFO] [stderr] 
[INFO] [stderr]     10: std::panicking::try::do_call::h174ad655d084b5c7
[INFO] [stderr]         at library/std/src/panicking.rs:381
[INFO] [stderr] 
[INFO] [stderr]     11: std::panicking::try::h479e6054ce28de10
[INFO] [stderr]         at library/std/src/panicking.rs:345
[INFO] [stderr] 
[INFO] [stderr]     12: std::panic::catch_unwind::hb558ddea2b3e9c45
[INFO] [stderr]         at library/std/src/panic.rs:382
[INFO] [stderr] 
[INFO] [stderr]     13: std::rt::lang_start_internal::h163149047f0a8b61
[INFO] [stderr]         at library/std/src/rt.rs:51
[INFO] [stderr] 
[INFO] [stderr]     14: std::rt::lang_start::ha4e6b94efcfea263
[INFO] [stderr]         at /rustc/af3c6e733a40e671550e0f0f5aeecaa13772ba56/library/std/src/rt.rs:65
[INFO] [stderr] 
[INFO] [stderr] 
[INFO] [stderr]   Error:
[INFO] [stderr]      0: command failed with exit code: 2: "make" "-j14" "install"
[INFO] [stderr]   thread 'main' panicked at 'called `Result::unwrap()` on an `Err` value: Error(Msg("command failed with exit code: 2: \"make\" \"-j14\" \"install\""), (None, Some(stack backtrace:
[INFO] [stderr]      0:     0x55b5474d0793 - backtrace::backtrace::libunwind::trace::h805702fe17ffd825
[INFO] [stderr]                           at /opt/rustwide/cargo-home/registry/src/github.com-1ecc6299db9ec823/backtrace-0.2.3/src/backtrace/libunwind.rs:54
[INFO] [stderr]                            - backtrace::backtrace::trace::h2ff831a28fa38369
[INFO] [stderr]                           at /opt/rustwide/cargo-home/registry/src/github.com-1ecc6299db9ec823/backtrace-0.2.3/src/backtrace/mod.rs:70
[INFO] [stderr]      1:     0x55b5474cda03 - backtrace::capture::Backtrace::new::hd646bfb956ce660d
[INFO] [stderr]                           at /opt/rustwide/target/debug/build/backtrace-e4bc9ec2ea622a89/out/capture.rs:79
[INFO] [stderr]      2:     0x55b5474cc4ff - error_chain::make_backtrace::h0ab6569c0b2f3074
[INFO] [stderr]                           at /opt/rustwide/cargo-home/registry/src/github.com-1ecc6299db9ec823/error-chain-0.5.0/src/lib.rs:684
[INFO] [stderr]      3:     0x55b547482132 - <cpp_to_rust_common::errors::Error as core::convert::From<alloc::string::String>>::from::hd1cca6f7af02f253
[INFO] [stderr]                           at /opt/rustwide/cargo-home/registry/src/github.com-1ecc6299db9ec823/error-chain-0.5.0/src/lib.rs:428
[INFO] [stderr]      4:     0x55b54747f590 - <T as core::convert::Into<U>>::into::h059e096d22c8aa72
[INFO] [stderr]                           at /rustc/af3c6e733a40e671550e0f0f5aeecaa13772ba56/library/core/src/convert/mod.rs:545
[INFO] [stderr]      5:     0x55b5474867c7 - cpp_to_rust_common::utils::run_command::h75be9cc209327236
[INFO] [stderr]                           at /opt/rustwide/cargo-home/registry/src/github.com-1ecc6299db9ec823/cpp_to_rust_common-0.2.3/src/utils.rs:53
[INFO] [stderr]      6:     0x55b547494177 - cpp_to_rust_common::cpp_lib_builder::CppLibBuilder::run::hb74a57c3aab05fa1
[INFO] [stderr]                           at /opt/rustwide/cargo-home/registry/src/github.com-1ecc6299db9ec823/cpp_to_rust_common-0.2.3/src/cpp_lib_builder.rs:162
[INFO] [stderr]      7:     0x55b547409309 - cpp_to_rust_build_tools::Config::run_and_return::haed18769cd86120d
[INFO] [stderr]                           at /opt/rustwide/cargo-home/registry/src/github.com-1ecc6299db9ec823/cpp_to_rust_build_tools-0.2.3/src/lib.rs:126
[INFO] [stderr]      8:     0x55b5473fc1b1 - qt_build_tools::run_and_return::h443c8c57252f92cb
[INFO] [stderr]                           at /opt/rustwide/cargo-home/registry/src/github.com-1ecc6299db9ec823/qt_build_tools-0.2.4/src/lib.rs:66
[INFO] [stderr]      9:     0x55b5473fc489 - qt_build_tools::run::h035a7c4ef0666011
[INFO] [stderr]                           at /opt/rustwide/cargo-home/registry/src/github.com-1ecc6299db9ec823/qt_build_tools-0.2.4/src/lib.rs:71
[INFO] [stderr]     10:     0x55b5473fb315 - build_script_build::main::h776a8401bc9b7b05
[INFO] [stderr]                           at /opt/rustwide/cargo-home/registry/src/github.com-1ecc6299db9ec823/qt_ui_tools-0.2.3/build.rs:4
[INFO] [stderr]     11:     0x55b5473fb37a - core::ops::function::FnOnce::call_once::h59a09ca03b85ca3f
[INFO] [stderr]                           at /rustc/af3c6e733a40e671550e0f0f5aeecaa13772ba56/library/core/src/ops/function.rs:227
[INFO] [stderr]     12:     0x55b5473fb41d - std::sys_common::backtrace::__rust_begin_short_backtrace::h437092e649e6d29c
[INFO] [stderr]                           at /rustc/af3c6e733a40e671550e0f0f5aeecaa13772ba56/library/std/src/sys_common/backtrace.rs:137
[INFO] [stderr]     13:     0x55b5473fb2e0 - std::rt::lang_start::{{closure}}::h65900dc69f7e05ac
[INFO] [stderr]                           at /rustc/af3c6e733a40e671550e0f0f5aeecaa13772ba56/library/std/src/rt.rs:66
[INFO] [stderr]     14:     0x55b54751a3b0 - core::ops::function::impls::<impl core::ops::function::FnOnce<A> for &F>::call_once::hecc21eb9018cc197
[INFO] [stderr]                           at /rustc/af3c6e733a40e671550e0f0f5aeecaa13772ba56/library/core/src/ops/function.rs:259
[INFO] [stderr]                            - std::panicking::try::do_call::h174ad655d084b5c7
[INFO] [stderr]                           at library/std/src/panicking.rs:381
[INFO] [stderr]                            - std::panicking::try::h479e6054ce28de10
[INFO] [stderr]                           at library/std/src/panicking.rs:345
[INFO] [stderr]                            - std::panic::catch_unwind::hb558ddea2b3e9c45
[INFO] [stderr]                           at library/std/src/panic.rs:382
[INFO] [stderr]                            - std::rt::lang_start_internal::h163149047f0a8b61
[INFO] [stderr]                           at library/std/src/rt.rs:51
[INFO] [stderr]     15:     0x55b5473fb2b6 - std::rt::lang_start::ha4e6b94efcfea263
[INFO] [stderr]                           at /rustc/af3c6e733a40e671550e0f0f5aeecaa13772ba56/library/std/src/rt.rs:65
[INFO] [stderr]     16:     0x55b5473fb349 - main
[INFO] [stderr]     17:     0x7f4b599490b2 - __libc_start_main
[INFO] [stderr]     18:     0x55b5473fb19d - _start
[INFO] [stderr]     19:                0x0 - <unknown>)))', /opt/rustwide/cargo-home/registry/src/github.com-1ecc6299db9ec823/cpp_to_rust_common-0.2.3/src/errors.rs:121:9
[INFO] [stderr]   stack backtrace:
[INFO] [stderr]      0:     0x55b5475177c0 - std::backtrace_rs::backtrace::libunwind::trace::h452faf99f32e7c93
[INFO] [stderr]                                  at /rustc/af3c6e733a40e671550e0f0f5aeecaa13772ba56/library/std/src/../../backtrace/src/backtrace/libunwind.rs:96
[INFO] [stderr]      1:     0x55b5475177c0 - std::backtrace_rs::backtrace::trace_unsynchronized::he40edc71437667a1
[INFO] [stderr]                                  at /rustc/af3c6e733a40e671550e0f0f5aeecaa13772ba56/library/std/src/../../backtrace/src/backtrace/mod.rs:66
[INFO] [stderr]      2:     0x55b5475177c0 - std::sys_common::backtrace::_print_fmt::h6c51d6ade71f46bf
[INFO] [stderr]                                  at /rustc/af3c6e733a40e671550e0f0f5aeecaa13772ba56/library/std/src/sys_common/backtrace.rs:79
[INFO] [stderr]      3:     0x55b5475177c0 - <std::sys_common::backtrace::_print::DisplayBacktrace as core::fmt::Display>::fmt::h3cd15d7003dec37a
[INFO] [stderr]                                  at /rustc/af3c6e733a40e671550e0f0f5aeecaa13772ba56/library/std/src/sys_common/backtrace.rs:58
[INFO] [stderr]      4:     0x55b54753a49c - core::fmt::write::h1857a60b204f1b6a
[INFO] [stderr]                                  at /rustc/af3c6e733a40e671550e0f0f5aeecaa13772ba56/library/core/src/fmt/mod.rs:1080
[INFO] [stderr]      5:     0x55b547514697 - std::io::Write::write_fmt::hac61caff894c35ae
[INFO] [stderr]                                  at /rustc/af3c6e733a40e671550e0f0f5aeecaa13772ba56/library/std/src/io/mod.rs:1517
[INFO] [stderr]      6:     0x55b547519950 - std::sys_common::backtrace::_print::haa2f390fb7957e3e
[INFO] [stderr]                                  at /rustc/af3c6e733a40e671550e0f0f5aeecaa13772ba56/library/std/src/sys_common/backtrace.rs:61
[INFO] [stderr]      7:     0x55b547519950 - std::sys_common::backtrace::print::h48c7cbbad9013bb1
[INFO] [stderr]                                  at /rustc/af3c6e733a40e671550e0f0f5aeecaa13772ba56/library/std/src/sys_common/backtrace.rs:48
[INFO] [stderr]      8:     0x55b547519950 - std::panicking::default_hook::{{closure}}::h8b7ff05a31e71d55
[INFO] [stderr]                                  at /rustc/af3c6e733a40e671550e0f0f5aeecaa13772ba56/library/std/src/panicking.rs:208
[INFO] [stderr]      9:     0x55b54751969c - std::panicking::default_hook::h2f00c78800d98e4c
[INFO] [stderr]                                  at /rustc/af3c6e733a40e671550e0f0f5aeecaa13772ba56/library/std/src/panicking.rs:227
[INFO] [stderr]     10:     0x55b547519fb3 - std::panicking::rust_panic_with_hook::h4eaa635e4694aef3
[INFO] [stderr]                                  at /rustc/af3c6e733a40e671550e0f0f5aeecaa13772ba56/library/std/src/panicking.rs:577
[INFO] [stderr]     11:     0x55b547519b89 - std::panicking::begin_panic_handler::{{closure}}::hec242f1b136b5ff2
[INFO] [stderr]                                  at /rustc/af3c6e733a40e671550e0f0f5aeecaa13772ba56/library/std/src/panicking.rs:484
[INFO] [stderr]     12:     0x55b547517c2c - std::sys_common::backtrace::__rust_end_short_backtrace::h1f3cc383ee6c0374
[INFO] [stderr]                                  at /rustc/af3c6e733a40e671550e0f0f5aeecaa13772ba56/library/std/src/sys_common/backtrace.rs:153
[INFO] [stderr]     13:     0x55b547519b49 - rust_begin_unwind
[INFO] [stderr]                                  at /rustc/af3c6e733a40e671550e0f0f5aeecaa13772ba56/library/std/src/panicking.rs:483
[INFO] [stderr]     14:     0x55b547538d81 - core::panicking::panic_fmt::hb15d6f55e8472f62
[INFO] [stderr]                                  at /rustc/af3c6e733a40e671550e0f0f5aeecaa13772ba56/library/core/src/panicking.rs:85
[INFO] [stderr]     15:     0x55b547538ba3 - core::option::expect_none_failed::he492a18657d97593
[INFO] [stderr]                                  at /rustc/af3c6e733a40e671550e0f0f5aeecaa13772ba56/library/core/src/option.rs:1221
[INFO] [stderr]     16:     0x55b547400a6a - core::result::Result<T,E>::unwrap::h93d323cf5cd46347
[INFO] [stderr]                                  at /rustc/af3c6e733a40e671550e0f0f5aeecaa13772ba56/library/core/src/result.rs:973
[INFO] [stderr]     17:     0x55b547403f9d - cpp_to_rust_common::errors::fancy_unwrap::hf0fd8f4f23591300
[INFO] [stderr]                                  at /opt/rustwide/cargo-home/registry/src/github.com-1ecc6299db9ec823/cpp_to_rust_common-0.2.3/src/errors.rs:121
[INFO] [stderr]     18:     0x55b5473fc495 - qt_build_tools::run::h035a7c4ef0666011
[INFO] [stderr]                                  at /opt/rustwide/cargo-home/registry/src/github.com-1ecc6299db9ec823/qt_build_tools-0.2.4/src/lib.rs:71
[INFO] [stderr]     19:     0x55b5473fb316 - build_script_build::main::h776a8401bc9b7b05
[INFO] [stderr]                                  at /opt/rustwide/cargo-home/registry/src/github.com-1ecc6299db9ec823/qt_ui_tools-0.2.3/build.rs:4
[INFO] [stderr]     20:     0x55b5473fb37b - core::ops::function::FnOnce::call_once::h59a09ca03b85ca3f
[INFO] [stderr]                                  at /rustc/af3c6e733a40e671550e0f0f5aeecaa13772ba56/library/core/src/ops/function.rs:227
[INFO] [stderr]     21:     0x55b5473fb41e - std::sys_common::backtrace::__rust_begin_short_backtrace::h437092e649e6d29c
[INFO] [stderr]                                  at /rustc/af3c6e733a40e671550e0f0f5aeecaa13772ba56/library/std/src/sys_common/backtrace.rs:137
[INFO] [stderr]     22:     0x55b5473fb2e1 - std::rt::lang_start::{{closure}}::h65900dc69f7e05ac
[INFO] [stderr]                                  at /rustc/af3c6e733a40e671550e0f0f5aeecaa13772ba56/library/std/src/rt.rs:66
[INFO] [stderr]     23:     0x55b54751a3b1 - core::ops::function::impls::<impl core::ops::function::FnOnce<A> for &F>::call_once::hecc21eb9018cc197
[INFO] [stderr]                                  at /rustc/af3c6e733a40e671550e0f0f5aeecaa13772ba56/library/core/src/ops/function.rs:259
[INFO] [stderr]     24:     0x55b54751a3b1 - std::panicking::try::do_call::h174ad655d084b5c7
[INFO] [stderr]                                  at /rustc/af3c6e733a40e671550e0f0f5aeecaa13772ba56/library/std/src/panicking.rs:381
[INFO] [stderr]     25:     0x55b54751a3b1 - std::panicking::try::h479e6054ce28de10
[INFO] [stderr]                                  at /rustc/af3c6e733a40e671550e0f0f5aeecaa13772ba56/library/std/src/panicking.rs:345
[INFO] [stderr]     26:     0x55b54751a3b1 - std::panic::catch_unwind::hb558ddea2b3e9c45
[INFO] [stderr]                                  at /rustc/af3c6e733a40e671550e0f0f5aeecaa13772ba56/library/std/src/panic.rs:382
[INFO] [stderr]     27:     0x55b54751a3b1 - std::rt::lang_start_internal::h163149047f0a8b61
[INFO] [stderr]                                  at /rustc/af3c6e733a40e671550e0f0f5aeecaa13772ba56/library/std/src/rt.rs:51
[INFO] [stderr]     28:     0x55b5473fb2b7 - std::rt::lang_start::ha4e6b94efcfea263
[INFO] [stderr]                                  at /rustc/af3c6e733a40e671550e0f0f5aeecaa13772ba56/library/std/src/rt.rs:65
[INFO] [stderr]     29:     0x55b5473fb34a - main
[INFO] [stderr]     30:     0x7f4b599490b3 - __libc_start_main
[INFO] [stderr]     31:     0x55b5473fb19e - _start
[INFO] [stderr]     32:                0x0 - <unknown>
[INFO] [stderr] warning: build failed, waiting for other jobs to finish...
[INFO] [stderr] The following warnings were emitted during compilation:
[INFO] [stderr] 
[INFO] [stderr] warning: This crate was generated for Qt 5.8.0, but Qt 5.12.8 is currently in use.
[INFO] [stderr] 
[INFO] [stderr] The following warnings were emitted during compilation:
[INFO] [stderr] 
[INFO] [stderr] warning: This crate was generated for Qt 5.8.0, but Qt 5.12.8 is currently in use.
[INFO] [stderr] 
[INFO] [stderr] The following warnings were emitted during compilation:
[INFO] [stderr] 
[INFO] [stderr] warning: This crate was generated for Qt 5.8.0, but Qt 5.12.8 is currently in use.
[INFO] [stderr] 
[INFO] [stderr] error: build failed
[INFO] running `Command { std: "docker" "inspect" "4dbe4540e82a29b03b458467ae63e9fe5efb8aae8cda658e74f17afd712de881", kill_on_drop: false }`
[INFO] running `Command { std: "docker" "rm" "-f" "4dbe4540e82a29b03b458467ae63e9fe5efb8aae8cda658e74f17afd712de881", kill_on_drop: false }`
[INFO] [stdout] 4dbe4540e82a29b03b458467ae63e9fe5efb8aae8cda658e74f17afd712de881
